thousands digit of 51345740?
4
What is the ten millions digit of 1872498936?
7
What is the ten millions digit of 43119028?
4
What is the hundred millions digit of 3634227574?
6
What is the hundred millions digit of 540555237?
5
What is the millions digit of 1816667107?
6
What is the ten thousands digit of 105223000?
2
What is the hundreds digit of 767985420?
4
What is the hundreds digit of 78490577?
5
What is the hundred millions digit of 441437919?
4
What is the thousands digit of 108608644?
8
What is the tens digit of 219476775?
7
What is the tens digit of 28103369?
6
What is the units digit of 1933168?
8
What is the thousands digit of 1282298037?
8
What is the millions digit of 205746909?
5
What is the ten millions digit of 651979762?
5
What is the millions digit of 40420934?
0
What is the units digit of 71076146?
6
What is the tens digit of 113236730?
3
What is the thousands digit of 1341733717?
3
What is the hundred millions digit of 895908558?
8
What is the units digit of 45118356?
6
What is the tens digit of 10477790?
9
What is the thousands digit of 69727153?
7
What is the tens digit of 18262838?
3
What is the hundred millions digit of 101809338?
1
What is the units digit of 79352072?
2
What is the hundred thousands digit of 2038400957?
4
What is the hundred thousands digit of 320848214?
8
What is the ten thousands digit of 35143338?
4
What is the hundred millions digit of 152564081?
1
What is the units digit of 4720269884?
4
What is the ten millions digit of 167640950?
6
What is the hundreds digit of 8769724690?
6
What is the hundreds digit of 645059261?
2
What is the ten thousands digit of 265185022?
8
What is the ten millions digit of 164407375?
6
What is the tens digit of 245943254?
5
What is the ten thousands digit of 2842048577?
4
What is the units digit of 6813269?
9
What is the ten millions digit of 6433228749?
3
What is the millions digit of 269094109?
9
What is the millions digit of 1211132102?
1
What is the tens digit of 240391387?
8
What is the ten thousands digit of 2661964862?
6
What is the billions digit of 4880714320?
4
What is the hundred millions digit of 2835816144?
8
What is the hundred millions digit of 1180668653?
1
What is the hundred thousands digit of 104718885?
7
What is the millions digit of 189107418?
9
What is the units digit of 52314529?
9
What is the ten thousands digit of 636296278?
9
What is the ten thousands digit of 67454679?
5
What is the tens digit of 2144856188?
8
What is the tens digit of 6570370924?
2
What is the tens digit of 290994124?
2
What is the hundred thousands digit of 5383168?
3
What is the units digit of 871397410?
0
What is the ten millions digit of 78312701?
7
What is the units digit of 15966622?
2
What is the hundred millions digit of 171778041?
1
What is the ten thousands digit of 437379597?
7
What is the thousands digit of 1986461803?
1
What is the ten thousands digit of 5227313700?
1
What is the ten thousands digit of 417790680?
9
What is the ten thousands digit of 2802197494?
9
What is the ten thousands digit of 1099015250?
1
What is the hundreds digit of 2049319?
3
What is the ten millions digit of 443638254?
4
What is the millions digit of 180443915?
0
What is the hundred thousands digit of 1468803963?
8
What is the units digit of 5101878?
8
What is the millions digit of 50394940?
0
What is the hundreds digit of 21443288?
2
What is the ten thousands digit of 619717475?
1
What is the hundred millions digit of 6412731812?
4
What is the ten millions digit of 45712144?
4
What is the hundreds digit of 903861005?
0
What is the hundreds digit of 1386880214?
2
What is the hundred millions digit of 804675879?
8
What is the units digit of 2519739907?
7
What is the ten millions digit of 4595197344?
9
What is the ten thousands digit of 34177522?
7
What is the units digit of 32996740?
0
What is the tens digit of 38400148?
4
What is the hundreds digit of 4947839445?
4
What is the tens digit of 653777492?
9
What is the units digit of 1757988653?
3
What is the billions digit of 1076535570?
1
What is the ten thousands digit of 2809436288?
3
What is the units digit of 106180399?
9
What is the units digit of 36069274?
4
What is the tens digit of 40031212?
1
What is the units digit of 158249334?
4
What is the units digit of 17742398?
8
What is the ten thousands digit of 61970249?
7
What is the hundred millions digit of 449058189?
4
What is the hundreds digit of 6436714?
7
What is the ten thousands digit of 5403465?
0
What is the hundreds digit of 96376565?
5
What is the units digit of 301462751?
1
What is the ten millions digit of 33922935?
3
What is the hundred thousands digit of 478067950?
0
What is the ten thousands digit of 260811780?
1
What is the units digit of 1562653159?
9
What is the ten thousands digit of 563326076?
2
What is the thousands digit of 5208404677?
4
What is the hundred thousands digit of 34411467?
4
What is the hundreds digit of 283551995?
9
What is the ten thousands digit of 326049735?
4
What is the ten thousands digit of 172372308?
7
What is the ten millions digit of 121556117?
2
What is the millions digit of 19600598?
9
What is the thousands digit of 394087184?
7
What is the hundreds digit of 24910864?
8
What is the units digit of 82810434?
4
What is the hundred thousands digit of 3154708574?
7
What is the hundred thousands digit of 8346098?
3
What is the units digit of 5262792507?
7
What is the ten millions digit of 123383592?
2
What is the millions digit of 87858685?
7
What is the tens digit of 1431160455?
5
What is the thousands digit of 24500390?
0
What is the millions digit of 34603658?
4
What is the tens digit of 419331020?
2
What is the thousands digit of 754016923?
6
What is the hundred millions digit of 2352629619?
3
What is the units digit of 214324580?
0
What is the units digit of 69098735?
5
What is the millions digit of 29740450?
9
What is the thousands digit of 555621672?
1
What is the millions digit of 47442510?
7
What is the thousands digit of 60264883?
4
What is the ten thousands digit of 1351615321?
1
What is the units digit of 378394199?
9
What is the units digit of 977869404?
4
What is the tens digit of 6233062?
6
What is the hundred thousands digit of 82673394?
6
What is the ten thousands digit of 22615534?
1
What is the ten thousands digit of 37998361?
9
What is the units digit of 712181564?
4
What is the billions digit of 4099063358?
4
What is the ten thousands digit of 33471127?
7
What is the millions digit of 2711447251?
1
What is the millions digit of 83220662?
3
What is the millions digit of 26506729?
6
What is the billions digit of 2423398723?
2
What is the hundred thousands digit of 92236016?
2
What is the thousands digit of 2887926883?
6
What is the millions digit of 638470420?
8
What is the ten millions digit of 472832366?
7
What is the thousands digit of 2066250?
6
What is the ten thousands digit of 191859754?
5
What is the thousands digit of 190650459?
0
What is the tens digit of 2431542?
4
What is the hundred thousands digit of 150328091?
3
What is the units digit of 514045448?
8
What is the hundred thousands digit of 8342381?
3
What is the units digit of 42105786?
6
What is the billions digit of 1051983472?
1
What is the hundred thousands digit of 818832673?
8
What is the millions digit of 186693178?
6
What is the hundred millions digit of 293674314?
2
What is the millions digit of 50521671?
0
What is the units digit of 658899034?
4
What is the units digit of 891085021?
1
What is the millions digit of 1482281074?
2
What is the ten thousands digit of 262944701?
4
What is the units digit of 191950501?
1
What is the ten thousands digit of 191253582?
5
What is the tens digit of 1841663752?
5
What is the ten millions digit of 1185900268?
8
What is the units digit of 5167064512?
2
What is the hundred thousands digit of 41962124?
9
What is the ten millions digit of 1767757704?
6
What is the millions digit of 1763546806?
3
What is the hundred thousands digit of 4200809?
2
What is the units digit of 1198143370?
0
What is the hundred thousands digit of 60541550?
5
What is the units digit of 222819127?
7
What is the hundreds digit of 4285099620?
6
What is the hundred thousands digit of 130518767?
5
What is the ten thousands digit of 30118137?